 -4*i = -h*i - 96. What is the units digit of i?
4
Suppose -9*f - 4016 = -25*f. What is the units digit of f?
1
Let b(d) = 22*d + 258. What is the units digit of b(19)?
6
Let s = -34 - -38. Suppose -a + s*c + 202 = 0, -2*a + 138 = 4*c - 266. What is the hundreds digit of a?
2
Let m(c) = -125*c + 1861. What is the units digit of m(0)?
1
Suppose -2 = -u - n + 3*n, u - 4*n = -2. What is the units digit of u?
6
Let o(c) be the third derivative of -c**6/120 - c**5/12 - 5*c**4/24 - c**3/6 - 15*c**2. What is the tens digit of o(-5)?
2
Let l = 18 - 10. Suppose -4*n = -104 - l. Let m = -20 + n. What is the units digit of m?
8
Let z = 269 + 38. Suppose -z + 104 = -l. What is the units digit of l?
3
Let o be 1/((-5)/2 - -3). Suppose 5*n + 0*n - o*c = 14, -4*n = 4*c. Suppose 0*k + f + 42 = n*k, -k + 27 = -2*f. What is the tens digit of k?
1
Let y(c) = c**3 + 4*c**2 - 22*c + 113. What is the tens digit of y(5)?
2
Let l = -313 - -445. What is the units digit of l?
2
Suppose -2*t = 3*x - 10, 5*t - 12 = x + 13. Suppose 8*o - 12*o + 512 = x. What is the units digit of o?
8
Let p = 834 + -436. What is the tens digit of p?
9
What is the thousands digit of -16 + 32580/9 - (-6 - 1)?
3
Let n = 41 - 84. Let o = 111 + n. What is the tens digit of o?
6
Suppose -4*x - 21 = 5*j - 4, 4*x - 3*j + 9 = 0. What is the units digit of (x + 6)/(2/6)?
9
Suppose 0 - 33 = 4*b - 3*g, 3*b = -2*g - 46. Let l = 17 + b. Suppose -f - v = -6*f, -3*f - l*v + 28 = 0. What is the units digit of f?
1
Suppose v - 74 = -u - 23, -v = -3*u + 153. What is the tens digit of u?
5
Suppose 2678 = 20*h - 2062. What is the units digit of h?
7
Let j(b) = 2*b**2 - 75*b + 154. What is the hundreds digit of j(45)?
8
Suppose -14 = 2*c - 98. Suppose 0 = 2*y + y - c. What is the units digit of ((-48)/y)/(2/(-21))?
6
Suppose -9147 = -28*c + 10761. What is the units digit of c?
1
Let g(b) = -5*b**3 - 5*b**2 + 23*b + 5. What is the hundreds digit of g(-7)?
3
Suppose 11384 = 3*r + 5*r. What is the thousands digit of r?
1
Suppose -276 = 4*b + 2*b. Let l = b + 53. What is the units digit of l?
7
Suppose -j + 82*j - 291843 = 0. What is the thousands digit of j?
3
Suppose -4*g - 2860 = -14*g. What is the hundreds digit of g?
2
Suppose 2*k + 4 = 20. Let a be 20/15*(-1116)/8. What is the units digit of 10/(-40) - a/k?
3
Let t(g) = g**2 - 3*g + 23. What is the hundreds digit of t(-17)?
3
Suppose -35960 = -39*n + 36892. What is the units digit of n?
8
Let w(k) = 11*k - 13. Let p(m) = -10*m + 12. Let o(y) = 5*y - 6. Let s(h) = 11*o(h) + 6*p(h). Let g(r) = -13*s(r) - 6*w(r). What is the tens digit of g(-11)?
1
Let v = 10 - -17. Let f = 6 + v. What is the units digit of f?
3
Let b(d) = 4*d**2 + 10*d + 2. Let i(a) = -7*a**2 - 19*a - 3. Let t(h) = -5*b(h) - 3*i(h). What is the units digit of t(-8)?
7
Let k(i) = -i**2 - i + 1. Let o be k(-3). Let a = o - -7. Suppose 0 = 4*h - 2*h - a. What is the units digit of h?
1
Suppose -38*a + 12 = -36*a. Suppose 4*b - 2*m - 84 = 0, -3 = b + 4*m - a. What is the tens digit of b?
1
Let g = 982 + -706. What is the units digit of g?
6
Suppose -f + 37557 = 38*f. What is the hundreds digit of f?
9
Suppose -w + 6136 = 4*v, 2*v - 2*w - 1968 = 1090. What is the hundreds digit of v?
5
Suppose 5*i - 22 = -3*b, 5*i - 7*b - 28 = -4*b. Let j(s) = 2*s**3 - 7*s**2 + s + 4. What is the units digit of j(i)?
4
Suppose 0 = 2*m + 4*r - 18, m = -0*m + 5*r - 19. What is the tens digit of (-3)/(-18)*m*2*75?
2
Suppose -n + 5*w - 638 = -4*n, -8 = 4*w. What is the tens digit of n?
1
Let h(t) be the second derivative of t**4/12 + t**3 + 7*t**2/2 - 8*t. Let l be h(-6). Suppose l*y - 116 = 5*y. What is the tens digit of y?
5
Let p = 0 + 4. Suppose -p*w = -231 + 27. What is the tens digit of (2 - -1)*w/9?
1
Let j(m) = -6*m - 6. Let a(h) = -2*h - 2. Let g(k) = -20*a(k) + 6*j(k). Let s be g(4). Suppose x = s + 13. What is the units digit of x?
3
Let x(n) = n**2 + 5*n + 10. Let c be x(-4). What is the units digit of 2*3/c + 84?
5
Let z(f) = -f**3 - f + 6. Let y be z(0). What is the tens digit of 128/y + (-16)/48?
2
Suppose 5*a = 3*a + 310. Suppose -a = -5*f - 4*o, 2*f - 4*o - 88 = -2*f. What is the tens digit of f?
2
Suppose 3*j = 3*x + 9, -x - j = -0 + 3. Let v be 23*(x/3 - 0). Let c = v + 39. What is the units digit of c?
6
Let f = 112 - 110. What is the units digit of f?
2
Let h be 9/15*15/3. Suppose -2*t = h*t - 550. What is the units digit of (-16)/(-24) + t/6?
9
Let n(p) = 2*p**2 - 3*p + 3. Let i be (-3)/2 + 9/2. Suppose -i*z - j = -13, z + 3*j - 9 = -2*j. What is the tens digit of n(z)?
2
What is the units digit of 5 - ((-16166)/18 + (-7)/(-63))?
3
Suppose 2*n = -0*n + 1082. What is the hundreds digit of n?
5
Let h(p) be the second derivative of 5*p - 5/12*p**4 - 1/20*p**5 - 3*p**2 + 0 + 3/2*p**3. What is the units digit of h(-7)?
9
What is the hundreds digit of 8*10/(-8)*(44 + -258)?
1
Let y be 1/(-7) - (-15)/7. Let k = 485 - 283. Suppose y*v - v - 26 = 4*h, k = 5*v + 4*h. What is the tens digit of v?
3
Let l = 483 - -312. What is the tens digit of l?
9
Suppose 60*v - 7680 = 50*v. What is the units digit of v?
8
Suppose 0 = 5*b + r - 4706, -5*r = 4*b - 2093 - 1676. What is the tens digit of b?
4
Let l(v) = 4*v + 2*v + 13*v**2 + 5*v - 16*v - 4. What is the tens digit of l(3)?
9
Let s(x) be the third derivative of x**7/2520 - x**6/360 + x**4/8 + 2*x**2. Let h(r) be the second derivative of s(r). What is the units digit of h(4)?
8
Let j(l) = 12*l**3 - 2*l**2 - l. Let s be j(-2). Let m = 150 - s. What is the units digit of m?
2
Let q(b) = b. Let f be q(-7). Let a = f - -19. What is the tens digit of a?
1
Let d(s) = 2*s**3 - 4*s**2 + 12*s - 17. What is the tens digit of d(3)?
3
Suppose -2*x = 5*o - 1062, -o + 45 = 4*x - 153. What is the units digit of o?
4
Let i = 743 - 508. Let b = i - 103. What is the hundreds digit of b?
1
Let i(z) = -2*z**2 + 5*z + 7. Let l be i(3). What is the tens digit of (-1002)/(-15)*(30/l + -5)?
6
Let k = 83 - 86. Suppose -h - 3*v = -25, 6 = -2*h + 4*v + 26. What is the units digit of k*(-3)/(6/h)?
4
Let u(d) = d**3 + 2*d**2 - d + 384. What is the tens digit of u(0)?
8
Let d(l) = -3*l**3 + 60*l**2 - 12*l + 7. What is the hundreds digit of d(6)?
4
Let s = -117 - -358. Suppose 0 = 5*n + 2*i - 7*i - 295, -4*n = -5*i - s. What is the units digit of n?
4
Let j(t) = 10*t + 34. Let n(s) = s. Let v(h) = -j(h) + 3*n(h). What is the tens digit of v(-15)?
7
Suppose 2*y + 5*d = 3*y - 19, 3*y - 15 = d. Suppose -p = y - 10. Suppose -p*r + r = -40. What is the units digit of r?
8
Suppose -4*a - 435 = -7*a. Suppose -a = -5*q - 5*i, -2*i + 3 = -3. What is the tens digit of q?
2
Let j(c) = -64*c + 10. Let d(h) = 129*h - 19. Let v(g) = -3*d(g) - 5*j(g). What is the units digit of v(-3)?
8
Let y be (-27)/(-12) - (-4)/(-16). Let b(z) = -z**3 + 2*z**2 + 2*z - 1. Let f be b(y). What is the tens digit of -3 - ((f - 4) + -39)?
3
Let q = 18 - -6. Suppose 0 = -4*c + 5*y + 115 + 15, 3*y - q = -c. Suppose -c + 0 = -3*r. What is the units digit of r?
0
Suppose -5*r - 81 = -2226. Suppose -2*a = 3*t - 197, -8*a + 4*a + t + r = 0. Suppose 0 = 5*g + 3*v + 2*v - 305, 2*g - 2*v - a = 0. What is the tens digit of g?
5
Let t = -35 + 21. Let b be (t/21)/(1/(-9)). Let c(d) = d**2 - 5*d. What is the units digit of c(b)?
6
Suppose 5*k = 7*k - 450. What is the hundreds digit of k?
2
Let m(l) = -l**3 - 8*l**2 + 2*l - 7. Let a be m(-8). Let v = 61 + a. Let b = 70 - v. What is the tens digit of b?
3
Let r(h) = -1. Let n(t) = -4*t + 2. Let p(b) = -n(b) - 4*r(b). Let w be p(-2). What is the units digit of 3/6 + (-153)/w?
6
Let v(d) be the third derivative of -11*d**4/24 - 23*d**3/6 - 4*d**2. What is the tens digit of v(-10)?
8
Let z = -7 + -4. Let o(l) = -l**3 - 11*l**2 + 3*l + 3. Let h be o(z). Let g = -25 - h. What is the units digit of g?
5
Let o(v) = -v + 2. Let j(b) = -b. Suppose 4*y - 5 = 3. Let h(l) = y*j(l) - o(l). What is the units digit of h(-7)?
5
Suppose 393*y = 404*y - 38291. What is the thousands digit of y?
3
Suppose -516 = -4*j - 3*z, 5*z - 8*z - 129 = -j. What is the tens digit of j?
2
What is the thousands digit of (-332747)/(-332)*4*1?
4
Suppose 2*j - 112 = -0*m - 3*m, -5*j + 20 = m. Let b be (m/24)/((-5)/(-18)). Let k(v) = 6*v - 17. What is the tens digit of k(b)?
1
Let y = 912 + -515. What is the units digit of y